a?
True
Let u(a) = a + 3. Let p be u(2). Suppose p*z - z - 120 = 0. Is 6 a factor of z?
True
Is 4 a factor of (-6*19/(-7))/(618/2884)?
True
Is 19 a factor of (-6)/((-12)/(-1))*190*-3?
True
Let n(m) = m**2 + 11*m + 17. Let d be n(-12). Let c = d - 20. Is c a multiple of 9?
True
Suppose 5*j - 6 = 4*j. Suppose -4*v = -2*f - j, -22 = -f - f - 3*v. Suppose f*p - 4*l = 88, -3*l - 30 = 2*p - 79. Does 7 divide p?
False
Let t(z) = 2*z**3 + z**2 + z - 2. Let m be t(1). Suppose y - m*b - 122 = -34, 4*b - 412 = -5*y. Is 14 a factor of y?
True
Let o = -33 + 193. Let t be 2/(1 - -5)*9 + 105. Let g = o - t. Does 26 divide g?
True
Let l(n) = -7*n + 5. Let x be l(1). Is 2 a factor of 3*x*(-2)/6?
True
Let h(u) = 46*u**2 + 166*u + 48. Does 27 divide h(-9)?
False
Let h be 3/(-4)*(-40)/5. Let f be (-3)/(-2)*(h + 2). Does 4 divide (-3)/(9/f)*-1?
True
Let q = 56 + -52. Suppose -31 = -t + q*v, -2*t + 74 = v - 6*v. Is t a multiple of 47?
True
Let g = -24 + 28. Suppose 2*k + 2*l = -44, k - g*k + 2*l - 51 = 0. Let u = k + 35. Is u a multiple of 16?
True
Let a be (-411)/(-5) + 9/(-45). Suppose -5*u + g + 106 = -g, -3*g = -4*u + a. Does 11 divide u?
True
Suppose 0 = -3*l - 3*x - 39, -2*x = l - 1 + 11. Let t = l + 18. Suppose 0 = -q + b + 30, 47 = q - 4*b + t. Is 9 a factor of q?
False
Let d = 11 - -349. Is d a multiple of 37?
False
Let g(p) = p**2 - 11*p + 5. Suppose -2*q - 41 = -3*d - 4*q, d - 7 = q. Let u be g(d). Is (-1)/((5/(-59))/u) a multiple of 11?
False
Let j = -49 - -1. Let r = -361 + 447. Let l = r + j. Is l a multiple of 20?
False
Let n(z) = 213*z**2 - 2*z - 2. Let r(b) = -5*b + 44. Let p be r(9). Does 14 divide n(p)?
False
Let i(u) = u**2 + 18*u + 27. Does 15 divide i(-27)?
True
Suppose 0 = 8*x + 84 + 28. Let t = 8 + 67. Does 17 divide t/2 - (-7)/x?
False
Suppose -3*u + 2*t - 10 = -2*t, 2*u - 24 = -5*t. Suppose -4*y = -4*c - 4, -2*y + u*c - c = -4. Is 7 a factor of 2 + y + -4 + 6?
True
Suppose 0*f + 3*f = -4*i - 58, -48 = 4*i - 2*f. Let t = i + 20. Suppose -2*r + t*r - 110 = 0. Does 22 divide r?
True
Let q = -83 + 82. Let a(n) = -22*n**3 - n**2 + n + 1. Is a(q) a multiple of 10?
False
Let x = -2 - -7. Suppose -x*b + 7 = -18. Let r = b - -18. Is 18 a factor of r?
False
Is -3 - (25536/8)/(-7) a multiple of 25?
False
Let a(n) = n**3 + 42*n**2 + 37*n - 86. Is 7 a factor of a(-41)?
False
Let i(p) = -46*p - 5. Let w be i(-3). Let g be (18/(-10) - -1)*-5. Suppose 5*z + 3*q = w, q - 2*q = g. Is z a multiple of 8?
False
Suppose -m = -5 - 5. Suppose 0 = 5*w - m*w + 45. Is w a multiple of 2?
False
Suppose 0 = 18*g + 228 - 1164. Is 2 a factor of g?
True
Suppose -48 = -4*p - 5*t, -2*p + 48 = 2*p - 4*t. Let x(z) be the second derivative of z**3/2 + 7*z**2 + 4*z. Is x(p) a multiple of 13?
False
Let t(k) = -k**3 - 1 - 8*k**3 - 11 + 5*k**2 + 14*k + 8*k**3. Is 3 a factor of t(6)?
True
Let b be 4330/30 - (-1)/(-3). Suppose a + b = 7*a. Is 14 a factor of a?
False
Let w(o) = -o**3 - 4*o**2 - 4*o. Let b be w(-3). Suppose 3*s + b*x = 21, 2*s + 0*x - 9 = -x. Suppose 2*r = -s*m + 56, r - 45 = 5*m + 13. Is r a multiple of 11?
True
Suppose -7*h = -5*h - 206. Suppose 0 = -z - 3*x + 78, 2*z - h = -4*x + 57. Does 14 divide z?
True
Let w = 1496 + -982. Is w a multiple of 24?
False
Suppose -2*i - 6 = -2*b + 2*i, -2*b + 5*i + 7 = 0. Is ((b*2)/2)/(34/1088) a multiple of 32?
True
Suppose 4*v = 4*d + 160, -121 = -3*v - 14*d + 18*d. Let c(q) = -4*q - 3. Let t be c(-3). Is 9*v/t - 1 a multiple of 5?
False
Let n = -12 - -14. Let o = 2 - n. Suppose -l = -o*l - 12. Is l a multiple of 6?
True
Let t be (-1)/((-6)/4*1/3). Suppose 0 = 3*v + t*o - 333, -2*v - o + 215 = -2*o. Is v a multiple of 16?
False
Let v = -5019 + 7561. Is v a multiple of 82?
True
Let g(s) = -34*s**3 + s**2 - 3*s - 3. Does 9 divide g(-1)?
False
Let t be (0 + 215/(-15))/(1/12). Let k = t + 265. Is 16 a factor of k?
False
Does 5 divide (-438)/(-8) + (-3)/(-12)?
True
Is 51 a factor of (18/45)/(4/6520)?
False
Suppose -2*j + 3*j + y - 4 = 0, 6 = j + 2*y. Let n(c) = 31*c - 1. Does 17 divide n(j)?
False
Let f(p) = -9*p - 6*p + 2*p - 3. Let y(d) = 3*d + 12. Let q be y(-5). Is f(q) a multiple of 12?
True
Suppose 2*z + 5*k + 14 = k, -3*k = -15. Let o(s) = -20*s - 6. Let w(l) = 7*l + 2. Let h(p) = z*w(p) - 6*o(p). Is h(9) a multiple of 11?
True
Let j(w) = -w**3 - 8*w**2 - 4*w + 7. Let d be j(-8). Let o(z) = 2*z**2 - 2*z - 3. Let v be o(-3). Let c = d - v. Does 6 divide c?
True
Let l(h) = -h**3 + 2*h**2 - 2*h + 1. Let f be l(2). Let p(x) = -2*x**3 - 3*x**2 - 4*x + 7. Does 31 divide p(f)?
False
Is 27 a factor of ((-1)/3)/((-1)/(-3)) - -782?
False
Suppose 5*c = -0*c. Suppose -5*s - 4*q + 17 = 0, 5*s - 2*q - 3*q - 35 = c. Let w(k) = -k**3 + 6*k**2 + 6*k + 5. Does 20 divide w(s)?
True
Suppose 18*q + 6 = 20*q. Suppose -4*l + 62 = 3*t, -4*l = t - q*t + 8. Does 3 divide t?
False
Let t = 276 - 165. Suppose 2*i = t + 17. Suppose -4*n - 4*o + 0*o = -i, 4*n = 2*o + 40. Is n a multiple of 2?
True
Suppose -3*b - 16 = -11*b. Suppose 4*l - 540 = -b*l. Does 30 divide l?
True
Let m(o) = o**3 - 5*o + 11. Let s be m(4). Let k = s - 41. Is k a multiple of 14?
True
Let m(j) = -j - 2. Let c be m(2). Let a be (-2 - c)*2 - -24. Let f = a + -16. Is 12 a factor of f?
True
Suppose 3*s - 2*s = 3. Suppose 3*c - 6 = 0, s*j = 5*c + 10 + 22. Is 7 a factor of j?
True
Suppose -85150 = -44*z - 21*z. Does 68 divide z?
False
Let x = 575 - 351. Does 48 divide x?
False
Let x = 7521 - 3486. Does 15 divide x?
True
Let b be (-327)/(((-54)/24)/(-3)). Let t = -217 - b. Does 32 divide t?
False
Let k(o) = 24*o - 12. Let b(w) = 1. Let i(s) = 2*b(s) + k(s). Suppose y = t - 4, -5*t + 14 = -y - 6. Does 18 divide i(t)?
False
Let r(f) = f + 4. Let j be r(1). Let d = -14 + 27. Let z = d - j. Is z a multiple of 8?
True
Let k(f) = -f + 5. Let w be k(7). Is 9 a factor of (-291)/(-12) - w/(-8)?
False
Suppose -675 = 2*o + 7*o. Let p = -47 - o. Is p a multiple of 9?
False
Suppose p = -t + 1720, 2*p = -5*t - 609 + 9197. Does 13 divide t?
True
Suppose -5*b + 0*t - 34 = 2*t, 4*t = 3*b + 10. Let i = -4 - b. Suppose -2*h - i*h + 128 = 0. Is 16 a factor of h?
True
Let o(w) = -13*w - 1. Let p be -2*(-1 - 27/(-6)). Let a = p - -5. Is o(a) a multiple of 15?
False
Suppose 0 = -4*x - 5*a + 352, 2*x + 5*a - 77 = 109. Let r = -51 + x. Is 32 a factor of r?
True
Let m(l) = 18*l + 6. Let x(o) be the second derivative of o**5/5 - o**2/2 + 6*o. Let j be x(1). Does 10 divide m(j)?
True
Let r(o) be the first derivative of -o**4/6 - o**3/6 + 45*o**2/2 + 7*o - 1. Let m(n) be the first derivative of r(n). Is 13 a factor of m(0)?
False
Let s(a) = 8*a**2 - 3*a - 13. Is s(-10) a multiple of 19?
True
Is (-134)/18 + (-164)/(-369) - -2174 a multiple of 94?
False
Let o(u) = u**2 + 7*u - 49. Is o(9) a multiple of 47?
False
Let t(z) = 9*z**2 + 11*z - 9. Let d(m) = -5*m**2 - 5*m + 5. Let k(g) = 7*d(g) + 4*t(g). Suppose -5*i = 5*a + 55, -3*i = -a - 2*a - 27. Does 4 divide k(a)?
False
Let l be (0 - (-3)/4)*4. Suppose -2*u = 5*k - 0*u + 10, -l*k + u + 5 = 0. Does 7 divide (3 - k) + 13 + -2?
True
Suppose 25*g = 6*g + 1368. Let q(b) = 2*b**2 - 4*b - 9. Let m be q(-6). Suppose -g - 44 = -5*v - 3*s, 3*v - m = 4*s. Does 25 divide v?
True
Let s = 424 - 352. Is s a multiple of 16?
False
Let u(p) = -46*p**3 + p**2 + 7*p + 6. Is 13 a factor of u(-2)?
True
Suppose 5 = 3*h - 7. Suppose h*y + 0*y = 44. Is y a multiple of 11?
True
Suppose -2*x + 4*g - 4 = 0, -g - 6 = g. Does 13 divide 3 + 20/x - (-495)/6?
False
Let h = 23 + -15. Let b(w) = w**2 - 10*w + 19. Let a be b(h). Suppose 4*n - 51 + a = 0. Is 12 a factor of n?
True
Let r = -22 + 49. Let q(f) = -7*f**2 + 7*f - 6. Let u be q(4). Is 9 a factor of (r/(-45))/(2/u)?
True
Let w be (-27)/36 - 6/(-8). Let c be 148 - w - 10/(-5). Suppose 2*p + 3*x = 150, 2*p + 2*x = x + c. Does 25 divide p?
True
Let f be (5/(-10))/(1/30). Let x be (1*-1)/(f/(-30)). Is 4 - 84/8*x a multiple of 5?
True
Let n be 38/95 - 53/(-5). Suppose 10*a + 315 = n*a. Is 15 a factor of a?
True
Let d = 14 - 26. Let t be (1 - 4)*d/9. Suppose -5*j - t = -14. Does 2 divide j?
True
Suppose 4*x + 952 = -0*x. Let o = -118 - x. Is o a multiple of 20?
True
Let f = -18 + 22. Let i be (-189)/f - (-6)/(-8). Let a = -1 - i. Is 8 a factor of a?
False
Let i(g) = -g**3 + 16*g**2 + 59*g - 13. Let v be i(15). Suppose 11*f + 8 = v. Does 10 divide f?
